2)*(1 + 1). Let c = -5 - m. Let r = c + -6. What is the units digit of r?
4
Suppose 0 = -3*l - 3 + 6. Let j(m) = -11*m**2 + 1. Let h be j(l). What is the tens digit of (-94)/(-10) - 6/h?
1
What is the units digit of 200/32 + (-1)/4?
6
Suppose d - 3 = -5*c + 27, -5*d + 10 = -3*c. What is the units digit of d?
5
Let l be (-10 - -8) + 1 + -40. Let z = 57 + l. What is the units digit of z?
6
Suppose -83 = -0*r + 2*r + 5*d, -2*d = 4*r + 158. Suppose 5*q + 23 = 4*q. Let g = q - r. What is the tens digit of g?
1
Let v = -1 + 2. Let c be 3/v - (-1 + 1). What is the units digit of 4 + c + -2*1?
5
Suppose -5*n + 65 = -0*n. What is the units digit of n?
3
Suppose 5*o - 159 = -g, 4*o + 3*g = -2*g + 123. What is the units digit of o?
2
Let h = 213 + -118. What is the tens digit of h?
9
Suppose 0 = -2*q + 5*q - 3. Suppose q = -o + 9. What is the units digit of o?
8
Suppose 4*f - u - 4*u = 135, -3*f = -3*u - 99. What is the units digit of f?
0
Let i be -4 + 8 + 4 + -3 + -1. Let j = 1 + 2. Suppose 6*p - i*p = -j*r + 47, 0 = 4*r - 3*p - 74. What is the units digit of r?
7
Let k be ((-6)/4)/(2/12). Let y = k + 12. What is the units digit of y?
3
Let c = -70 + 210. What is the hundreds digit of c?
1
Let c = -1 + 1. Suppose 3*l = -c*l + 36. Let y = l - 4. What is the units digit of y?
8
Let a = 0 + 3. Let v be (-3)/9 - 35/a. What is the units digit of 38/8 - 3/v?
5
Let g = 6 - 6. Suppose -4*d - t + 4 = -g*t, 4*d = 4*t + 24. Suppose 5*x - x - 10 = -d*m, 0 = -m - 3*x + 6. What is the units digit of m?
3
Let g(t) = 5*t**2. Let i be g(1). Suppose -i = 2*h - 19. Suppose -z + h = -0*z. What is the units digit of z?
7
Let u(l) be the second derivative of l**5/20 - l**3/6 + l**2 - 2*l. Suppose 6 = 4*p - p. What is the units digit of u(p)?
8
Suppose 0*l - 36 = 3*l - x, 3*l + 2*x + 45 = 0. Let b = l - -11. Let h(z) = -8*z. What is the tens digit of h(b)?
1
Suppose -2*s = -0*s. Suppose 32 = -s*r + 4*r. Suppose p = -p - 4*g - r, 0 = p + 4*g + 12. What is the units digit of p?
4
Let o be (-2 - 0)*(-83)/2. Let v = -42 + o. Suppose -5*k + 0*i - 3*i + v = 0, 0 = -5*k - 2*i + 44. What is the units digit of k?
0
Let t be 2/3 + (-66)/18. Let x(v) = -v**2 - 3*v + 2. What is the units digit of x(t)?
2
Suppose 45 = -5*f + l, 60 = -5*f - 0*l - 2*l. What is the units digit of (-388)/(-20) + 4/f?
9
Let s(r) be the third derivative of -5/6*r**3 - r**2 + 0*r + 0 - 1/12*r**4. What is the units digit of s(-6)?
7
Suppose -3*m - 120 + 471 = 0. What is the hundreds digit of m?
1
Let y(n) = n**3 - n**2 - n - 13. Let v be y(0). Let d = v - -20. What is the units digit of d?
7
Suppose -j + 4*j = -k + 8, -3*j = -3*k. What is the units digit of k?
2
Let h(z) = z**3 + 8*z**2 - 11*z - 3. What is the units digit of h(-9)?
5
Let g(r) = -r - 3. Let f be g(-6). Suppose v - 3*w - 211 = -4*v, -f*v + 127 = -2*w. What is the units digit of v?
1
Suppose -3*b - 56 = b. What is the tens digit of (b/7)/((-2)/37)?
3
Suppose -z - 5*d - 9 = -2*z, 2*z - 9 = d. Suppose z*k = k + 18. What is the units digit of k?
6
Let y be (82/(-6))/(1/(-6)). Suppose 2*v + 0 = y. What is the units digit of v?
1
Let t be 1/((-2)/38 + 0). Let a = 47 + t. What is the tens digit of a?
2
Let n(d) = d**2 - 7*d + 9. Suppose 0 = -2*q + 5 + 7. Let a be n(q). What is the units digit of (-3)/(a/(-3)*1)?
3
Let j(l) = -2*l - 4. Let q be j(-4). Let n = q + -2. What is the units digit of n?
2
Suppose 4*g - 30 = -5*i + 3*i, -5*i + 2*g = -135. Suppose b - i + 5 = 0. What is the tens digit of b?
2
Let i(c) = c**3 - 5*c**2 + 5*c. Let z be i(4). Let j(b) = -b**3 - 5 + 4*b**2 - 3*b**2 - 2*b + 4*b**2. What is the units digit of j(z)?
3
Let b = 48 - -40. What is the units digit of b?
8
Let s(d) = -d**3 + 3*d**2 + 2. Let j be ((-2)/(-4))/((-2)/(-12)). What is the units digit of s(j)?
2
Let h be (2 - -1)*(1 + -2). What is the units digit of (4/6)/((-1)/h)?
2
What is the tens digit of (-386)/(-6) - 12/(-18)?
6
Suppose -7*i - 8 = -3*i. Let j = -10 - i. Let b = 23 + j. What is the tens digit of b?
1
Let p(r) = r**2 - 6*r - 8. Let a be p(8). Suppose 2*n = -y, -2*y + 7*y = 0. Suppose -w = -n*w - a. What is the units digit of w?
8
Suppose -11 = -5*t + 4. Suppose -s = -3*x + 24, 4*x + t*s - 19 + 0 = 0. What is the units digit of x?
7
Let n(c) = 7*c - 11. Let j be n(10). Suppose 0*x + x - 175 = -5*f, j = f + 5*x. What is the tens digit of f?
3
Suppose 1 + 3 = 2*g. What is the units digit of g?
2
Let x(s) = 20*s**2 + s + 2. Let w be x(-2). Suppose m - w = -4*m. What is the tens digit of m?
1
What is the tens digit of -19*(12/4 + -4)?
1
Suppose w + 74 = -4*b, -5*b - 92 = -2*w - 6. Let j be -2*2/(-4)*31. Let n = b + j. What is the units digit of n?
3
Let q be (-1 - -2)/(5/(-35)). Let g = -5 - q. Suppose -4 = g*l - 22. What is the units digit of l?
9
Suppose 7*z + 23 - 121 = 0. What is the units digit of z?
4
Let s = -2 + 3. Let u(v) = 10*v - 1. Let l be u(s). Suppose l + 21 = 2*m. What is the tens digit of m?
1
Let r(d) = d**2 - 2*d - 2. Let j = -21 + 15. Let b(g) = -g**2 - 6*g + 3. Let x be b(j). What is the units digit of r(x)?
1
Let j(a) = -7*a - 1. What is the tens digit of j(-21)?
4
Let a be (-21)/1*(-36)/14. Suppose -a + 22 = -4*i. What is the units digit of i?
8
Suppose 2*s = 3*s + t - 28, s - 31 = 2*t. What is the tens digit of s?
2
Let n = -3 - -3. Let z be n*2/(-6) + 12. Suppose -3*x - z = -6*x. What is the units digit of x?
4
Suppose 3*k = -d + 4 - 1, -1 = -k + d. What is the units digit of k/(1/(4/1))?
4
Let v(b) = 3*b - 15. What is the tens digit of v(16)?
3
Suppose 0 = -3*c + 3 - 9. Let u(b) = -b**3 + b - 2. Let l be u(c). Suppose l*o - 6 = 2. What is the units digit of o?
2
What is the units digit of (-718)/(-8) - 3/4?
9
Let i = 13 - 5. Let c = i - 4. What is the units digit of c?
4
Suppose 23 = 5*w - 52. What is the units digit of w?
5
What is the hundreds digit of (2 - -17)*(-24)/(-4)?
1
Suppose -4*n - 9 = -3*n + 3*o, -2*o - 23 = -5*n. Suppose -n*t + 6 = -0*t. What is the units digit of t?
2
Suppose 0 = -0*f - 5*f. Suppose -4*w = o + 17, f = 2*o + 5*w + 22 - 3. Suppose 2*g = -3*g + 5*t + 20, -o*g - t + 8 = 0. What is the units digit of g?
3
Let k = -15 - -15. Suppose -6*i + i + 35 = k. What is the units digit of i?
7
What is the tens digit of 33/22*(-64)/(-6)?
1
Let x = -119 - -121. Let r(u) = 5*u**3 - 7*u**2 - 7*u + 3. Let f(k) = 2*k**3 - 3*k**2 - 3*k + 1. Let l(s) = -7*f(s) + 3*r(s). What is the units digit of l(x)?
0
Let q(k) = -k**3 + 4*k**2 + 4*k + 5. Let u be 7 + -1 - 4/4. Let r be q(u). Suppose -49 = -5*o - 4*j, r = -2*j - 3 + 5. What is the units digit of o?
9
Let l = 5 + -3. What is the units digit of 3 - 1*-4 - l?
5
Let m = -3 + 2. Let z = 16 - 13. Let c = z + m. What is the units digit of c?
2
Let m be (-2 + (-6)/(-3))/2. Suppose m = -3*f - 5*i + 37, -i + 22 = 3*f + i. Suppose -5*v + 3*c + 12 = 2*c, f*v - 24 = -4*c. What is the units digit of v?
3
Let x be ((-36)/(-16))/((-1)/(-4)). Suppose -z + 26 = 4*a, 4*z - x = 2*a + a. Let p = z + -4. What is the units digit of p?
2
Let i(w) = w**3 - 6*w**2 - 7*w + 2. Let x be i(7). Suppose -4*g - 42 = -x*m, m - 6*g = -g + 30. What is the tens digit of m?
1
Let b(y) = -4*y**2 + 10*y - 5. Let q(g) = 3 - g**2 + 0*g - 4 + g. Let i(n) = b(n) - 3*q(n). What is the units digit of i(6)?
4
Let z be (4 - 42/8)*-4. Let m = z + 29. What is the units digit of m?
4
Let p(r) = -r**2 - 25*r + 2. What is the tens digit of p(-11)?
5
Let v(y) be the third derivative of y**5/60 - 5*y**4/24 - y**3/6 - 2*y**2. Let b(l) = -l**3 + l + 6. Let w be b(0). What is the units digit of v(w)?
5
Suppose -s + 5*n - 34 = 0, -4*s - 4*n = s + 25. Let a(h) = -h - 4. Let o be a(s). Suppose 2*u - l = 1, -4*u = -o*l - 7 + 20. What is the units digit of u?
3
Let f be ((-102)/24)/((-2)/(-8)). Let x = f + 39. Let b = x - 14. What is the units digit of b?
8
Let i(y) = y**3 + 5*y**2 + y - 4. Let k = 5 + -5. Suppose -w - 3 + k = 0. What is the tens digit of i(w)?
1
Let c(y) = 47*y**3 + y**2 - 2*y + 1. What is the units digit of c(1)?
7
Let t be (-8 + 4)/(3/(-12)). What is the units digit of (-26)/(-8) + (-4)/t?
3
Let u(b) = b**2 - 12*b + 4. Let x be u(12). Suppose -x*m = -7*m + 99. What is the units digit of m?
3
Suppose -10*s + 2*s + 632 = 0. What is the units digit of s?
9
Let s(r) = r**3 + 8*r**2 + 5*r - 9. Let y be s(-7). Suppose 4*m - 2*o 